 prime factors of 5564/j + 6/21?
199
Let m be -10 + 5 - 406 - -2. Let o = m + 715. List the prime factors of o.
2, 3, 17
Let l = -27104 - -42676. What are the prime factors of l?
2, 17, 229
Suppose -11*z + 8*z = 5*g - 27731, g = 5*z + 5563. What are the prime factors of g?
2, 19, 73
Let w = 75 + -65. Let j = 6 - 10. List the prime factors of (4448/(-18))/j + w/45.
2, 31
Suppose 5*w + 0*w - 5245 = -5*l, -3*w + 2*l = -3142. Suppose 28*u = 32*u - w. Let n = u + -171. List the prime factors of n.
7, 13
Suppose 3*u + 1944*i - 1949*i = 69993, 2*u = -i + 46662. What are the prime factors of u?
3, 7, 11, 101
Let s = -13 - -15. Suppose 0*k - k + 2*m + 135 = 0, 0 = s*k + 2*m - 270. Suppose z - 118 = -d, -5*d + k = -4*z + 580. What are the prime factors of z?
5, 23
Let c(z) = -z**3 - 18*z**2 - 98*z + 19. Let n be c(-21). Suppose n + 1493 = 7*w. List the prime factors of w.
3, 233
Let v(w) = -w**3 + 3*w**2 - w - 1. Let t be v(2). Let m(a) = 181*a + 6. What are the prime factors of m(t)?
11, 17
Suppose -3 = t - 5. Let q(y) be the third derivative of 3*y**5/5 + y**4/24 - y**3/2 + 65*y**2 + 5. What are the prime factors of q(t)?
11, 13
Let x be ((3 - 0) + -2)*-27. Let l = x - -23. What are the prime factors of -1 + l/(-3) + 28/6?
5
Let v(i) = i**3 - 10*i**2 + i - 8. Let y be v(10). Suppose 4125 = 17*g - y*g. Suppose 21*x - 26*x + g = 0. What are the prime factors of x?
5, 11
Let u(d) = -9 + 2 + 2 - d + 1. Let z be u(-9). Suppose 0*l = -z*l + 25. List the prime factors of l.
5
Suppose 87 = -17*n + 597. List the prime factors of 724*1/10 + (-12)/n.
2, 3
Suppose 8 = -4*q - 3*t, 2*q = -2*t + 4 - 6. Let d be 25/((4 + q)*1). Let z = 40 - d. What are the prime factors of z?
5, 13
Suppose -2*g + 0*g + 6 = 0. Let i = 365 + -361. Suppose 0 = z - 3, -g*w + i*z + 153 = -0*w. List the prime factors of w.
5, 11
Let h(u) = 90*u - 1105. What are the prime factors of h(42)?
5, 107
Let x be (-42)/(-9)*(-105)/(-14). Suppose 0 = x*s - 42*s + 3325. What are the prime factors of s?
5, 19
Suppose 6*y + 10*y = 53568. Suppose -p = 8*p - y. List the prime factors of p.
2, 3, 31
Suppose 3*y + 6809 = 4*x - 3*x, -15 = -3*y. List the prime factors of x.
2, 853
Let a be 5/(5 - -5)*0. Suppose -u + 19 = m, -3*u + a*m + 77 = -m. Suppose u + 4 = 7*w. What are the prime factors of w?
2
Let t be 2/2*(2 + 43). Suppose -709 = -61*d + 511. Suppose d + t = i. List the prime factors of i.
5, 13
Let z(a) be the second derivative of -a**5/20 - a**4/3 - a**3/6 - a**2/2 - 15*a. Let b be z(-4). List the prime factors of (-1)/b + (-624)/(-9).
3, 23
Suppose -4*b + 6*m - 15 = 3*m, -4*b + 2*m = 10. What are the prime factors of 264/3 - (b/(-5))/(-2)?
2, 11
Let n(p) = -129*p**2 - 1. Let h be n(-1). Suppose 3*c + 482 = -5*j + 1441, -3*c = 2*j - 389. Let y = j + h. What are the prime factors of y?
2, 3, 5
Let i(u) be the second derivative of u**5/20 - 2*u**4/3 + 19*u**3/6 - 23*u**2/2 - 189*u. List the prime factors of i(13).
1069
Let z(a) = -3*a**3 + 143*a**2 - 181*a + 50. What are the prime factors of z(41)?
26249
Let m = 8000 + -11640. Let u = 5106 + m. List the prime factors of u.
2, 733
Suppose 41*u + 120 = 47*u. Suppose 4*j + u = 0, -3*a + 991 = -4*j - 307. List the prime factors of a.
2, 3, 71
Suppose 4*x - 24485 = -f, -3*f = -3*x + 2507 + 15868. List the prime factors of x.
2, 3061
Suppose -3*v - 12799 = 3*t + 4286, -28495 = 5*v - 5*t. List the prime factors of 912/(-84) + 11 - v/7.
2, 11, 37
Let m = 66 - 25. Let f(x) = -x**2 + 6*x - 22. Let d be f(8). Let q = d + m. What are the prime factors of q?
3
Suppose 4*y - 24 = 4*z, -5*y = -4*z - 6 - 23. Let d be 155/y - (-2)/(-2). Suppose 35*s - 295 = d*s. List the prime factors of s.
59
Let u(p) be the third derivative of -p**6/120 + 17*p**5/60 - 3*p**4/4 + 8*p**3/3 - 3*p**2. Suppose -3782*j + 3775*j = -105. What are the prime factors of u(j)?
2, 7
Suppose -2*q - 2*p = 6, -11*q + 12*q + 4*p = -12. Suppose -5*g - 322 - 426 = -2*o, -o - 3*g + 352 = q. List the prime factors of o.
2, 7, 13
Let p = 24 + -17. Let c(d) = -d**3 + 6*d**2 + 4*d + 24. Let r be c(p). List the prime factors of ((-30)/(-21))/(r/42).
2, 5
Suppose -3*s = 950 - 56. Let z = 1201 + s. List the prime factors of z.
3, 7, 43
Let x be ((-31)/(-62))/((-2)/(-20)). Suppose 4*g - 2030 = -x*s, -5*s + g + 428 = -1577. What are the prime factors of s?
2, 3, 67
Let u(r) = 354*r**2 + 89*r + 33. What are the prime factors of u(-6)?
3, 7, 11, 53
Let t(j) = 1011*j**2 + 51*j - 46. List the prime factors of t(3).
2, 4603
Let j = 7210 + -4369. What are the prime factors of j?
3, 947
Let o = -869 + 874. Suppose -4*f = o*a - 3*f - 4946, 0 = -3*a - 3*f + 2958. List the prime factors of a.
2, 3, 5, 11
Suppose -2*n + 4836 = 4*n. Suppose 5*y + 1304 + n = -5*i, i = -4*y - 434. Let h = -246 - i. What are the prime factors of h?
2, 43
Let n(q) = q**3 - 16*q**2 + 15*q + 7. Let j be n(15). Suppose -j*l - 200 = l. List the prime factors of (-370)/l*(6 + -1).
2, 37
Let n be -4 + 6292/36 - (-4)/18. What are the prime factors of n/((-21)/(-7)) - (1 - 0)?
2, 7
Suppose 14*w + 13365 = 5007. Let r = 61 - w. List the prime factors of r.
2, 7, 47
Suppose -4*c - 2*x + 14 = -0*x, 0 = -2*x - 6. Suppose i = -3*a + 1035, 0 = -c*a + 10 + 5. List the prime factors of i.
2, 3, 19
Suppose -3151 = -2*y + 1073. Suppose y = 25*z - 10763. List the prime factors of z.
5, 103
Suppose y - 146803 = -6*y - 3842. What are the prime factors of y?
13, 1571
Suppose 0 = 4*k - 7002 - 3186. Suppose -3*q - 2*a = -1529, 5*q - k = -4*a - 0*a. What are the prime factors of q?
7, 73
Suppose 397*o = 399*o + 114. Let q be 4/(-10) - (-1036)/(-35). Let y = q - o. List the prime factors of y.
3
Let h(j) = j + 66. Let v be h(0). Let z = v + -70. List the prime factors of z + (-282)/(-3) + -2.
2, 11
Suppose 15*s = -127*s + 1544534. What are the prime factors of s?
73, 149
Suppose 35*n - 862287 - 779613 = -15*n. List the prime factors of n.
2, 3, 13, 421
Suppose 19 = 2*w + 9. Suppose 1187 = 4*h + w*b - 597, 5*b = h - 446. What are the prime factors of h?
2, 223
Let n = -135 + 207. Suppose -n*r + 76*r = 1192. List the prime factors of r.
2, 149
Suppose 5*r = 4*j + 1696 - 7583, 4*j - 5896 = -4*r. Let w = j + -746. List the prime factors of w.
727
Let j(i) = 1043*i - 1. Let n(l) = -l**2 + 20*l - 63. Let b be n(16). List the prime factors of j(b).
2, 521
Let x be (-6)/10 - (-8)/40*23. Suppose -5*t = 4*o - 8*t - 394, 0 = -3*o - x*t + 283. List the prime factors of o.
97
Let m = 10 - 5. Let f(h) = h**3 - 15*h**2 - 117*h + 31. Let q be f(21). Suppose -3*a = b - q, -5 = m*a - 0*a. List the prime factors of b.
223
Let y = -504 - -1123. List the prime factors of y/1 - (10 - 6).
3, 5, 41
Suppose 27*q - 24*q - 5*v = 52438, 0 = 4*q - 3*v - 69932. What are the prime factors of q?
2, 7, 1249
Suppose 0 = 20*n - 7*n + 2977. Let s = 372 + n. List the prime factors of s.
11, 13
Suppose 0 = 4*z - z - 3174. Suppose -y + 3*i + 170 = 0, z = 4*y - 3*i + 351. Let u = y + -64. What are the prime factors of u?
5, 23
Let u(x) = 1745*x**2 - 209*x + 414. List the prime factors of u(2).
2, 109
Suppose -h - 212*t + 209*t = -26113, -4*t + 28 = 0. List the prime factors of h.
2, 11, 593
Let r(l) = 21*l**3 + 17*l**2 + 33*l - 5. What are the prime factors of r(8)?
3, 37, 109
Let x = 108 + -103. List the prime factors of (2 + 8/x)/((-2)/(-115)).
3, 23
Let w be 4/(-3)*-6*(-4)/(-8). Suppose -4*z = -2*g - 508, 4*g + 181 = w*z - 335. Suppose q + 28 = z. What are the prime factors of q?
97
Let w(t) = -942*t - 10. Let s be w(3). List the prime factors of 2 + 1/((-4 - 0)/s).
3, 79
Suppose 3*w - 8136 = -5*g - 148, 3*g + w = 4796. What are the prime factors of g?
2, 5
Suppose -2*a + 3*f = -0*a - 71, 0 = -a + 4*f + 38. Let l = -29 + a. Suppose 4*b - 183 = -l*r, b + 0*r = -3*r + 37. List the prime factors of b.
2, 13
Let o(f) = 15*f**2 - 2*f + 2. Suppose 0 - 8 = 3*b + t, -5*t = b - 16. List the prime factors of o(b).
2, 5
Suppose 28*b - 40326 - 64142 = 0. List the prime factors of b.
7, 13, 41
List the prime factors of -11 + (5 - -4) + 24031 - 0.
24029
Let v = -72407 - -145754. What are the prime factors of v?
3, 23, 1063
Let r be 8/80 - (-3)/(-30). Suppose -t - 4*d + 1044 = r, 5*t = 4*d + 865 + 4259. What are the prime factors of t?
2, 257
Suppose 10208 = 4*a - 133872. What are the prime factors of a?
2, 5, 1801